{"id":934,"date":"2021-04-14T23:01:00","date_gmt":"2021-04-14T21:01:00","guid":{"rendered":"http:\/\/feuerwehr-rabenau.de\/wordpress\/?post_type=einsatz&#038;p=934"},"modified":"2021-04-15T10:43:52","modified_gmt":"2021-04-15T08:43:52","slug":"brand-lagerhalle","status":"publish","type":"einsatz","link":"https:\/\/feuerwehr-rabenau.de\/wordpress\/einsatzberichte\/brand-lagerhalle\/","title":{"rendered":"Brand &#8211; Lagerhalle"},"content":{"rendered":"<p><span data-offset-key=\"abh8d-0-0\">Beim Vollbrand einer <\/span><span data-offset-key=\"abh8d-1-0\">Lagerhalle<\/span><span data-offset-key=\"abh8d-2-0\"> im Gewerbegebiet von H\u00f6ckendorf unterst\u00fctzten wir die Kameraden vor Ort mit unserem Tankl\u00f6schfahrzeug. So konnten wir unter anderem die Drehleiter der <\/span><span class=\"diy96o5h\" spellcheck=\"false\" data-offset-key=\"abh8d-3-0\"><span data-offset-key=\"abh8d-3-0\">Freiwilligen Feuerwehr Freital mit Wasser versorgen. Der Einsatz endete f\u00fcr uns gegen 5:30 Uhr.<\/span><\/span><\/p>\n<p><span class=\"diy96o5h\" spellcheck=\"false\" data-offset-key=\"abh8d-3-0\"><span data-offset-key=\"abh8d-3-0\"> <a href=\"https:\/\/feuerwehr-rabenau.de\/wordpress\/wp-content\/uploads\/2021\/04\/IMG-20210415-WA0015.jpg\"><img fetchpriority=\"high\" decoding=\"async\" class=\"aligncenter wp-image-932 size-large\" src=\"https:\/\/feuerwehr-rabenau.de\/wordpress\/wp-content\/uploads\/2021\/04\/IMG-20210415-WA0015-1024x768.jpg\" alt=\"\" width=\"1024\" height=\"768\" srcset=\"https:\/\/feuerwehr-rabenau.de\/wordpress\/wp-content\/uploads\/2021\/04\/IMG-20210415-WA0015-1024x768.jpg 1024w, https:\/\/feuerwehr-rabenau.de\/wordpress\/wp-content\/uploads\/2021\/04\/IMG-20210415-WA0015-300x225.jpg 300w, https:\/\/feuerwehr-rabenau.de\/wordpress\/wp-content\/uploads\/2021\/04\/IMG-20210415-WA0015-768x576.jpg 768w, https:\/\/feuerwehr-rabenau.de\/wordpress\/wp-content\/uploads\/2021\/04\/IMG-20210415-WA0015-1536x1152.jpg 1536w, https:\/\/feuerwehr-rabenau.de\/wordpress\/wp-content\/uploads\/2021\/04\/IMG-20210415-WA0015.jpg 1600w\" sizes=\"(max-width: 1024px) 100vw, 1024px\" \/><\/a> <a href=\"https:\/\/feuerwehr-rabenau.de\/wordpress\/wp-content\/uploads\/2021\/04\/IMG-20210415-WA0016.jpg\"><img decoding=\"async\" class=\"aligncenter wp-image-933 size-large\" src=\"https:\/\/feuerwehr-rabenau.de\/wordpress\/wp-content\/uploads\/2021\/04\/IMG-20210415-WA0016-1024x576.jpg\" alt=\"\" width=\"1024\" height=\"576\" srcset=\"https:\/\/feuerwehr-rabenau.de\/wordpress\/wp-content\/uploads\/2021\/04\/IMG-20210415-WA0016-1024x576.jpg 1024w, https:\/\/feuerwehr-rabenau.de\/wordpress\/wp-content\/uploads\/2021\/04\/IMG-20210415-WA0016-300x169.jpg 300w, https:\/\/feuerwehr-rabenau.de\/wordpress\/wp-content\/uploads\/2021\/04\/IMG-20210415-WA0016-768x432.jpg 768w, https:\/\/feuerwehr-rabenau.de\/wordpress\/wp-content\/uploads\/2021\/04\/IMG-20210415-WA0016.jpg 1280w\" sizes=\"(max-width: 1024px) 100vw, 1024px\" \/><\/a><\/span><\/span><\/p>\n","protected":false},"author":2,"featured_media":0,"template":"","meta":{"cybocfi_hide_featured_image":"","einsatz_weight":1,"footnotes":""},"categories":[39],"tags":[],"einsatzart":[],"fahrzeug":[28],"exteinsatzmittel":[],"alarmierungsart":[],"evw_unit":[],"class_list":["post-934","einsatz","type-einsatz","status-publish","hentry","category-einsaetze","fahrzeug-tlf-20-40","description-off"],"_links":{"self":[{"href":"https:\/\/feuerwehr-rabenau.de\/wordpress\/wp-json\/wp\/v2\/einsatz\/934","targetHints":{"allow":["GET"]}}],"collection":[{"href":"https:\/\/feuerwehr-rabenau.de\/wordpress\/wp-json\/wp\/v2\/einsatz"}],"about":[{"href":"https:\/\/feuerwehr-rabenau.de\/wordpress\/wp-json\/wp\/v2\/types\/einsatz"}],"author":[{"embeddable":true,"href":"https:\/\/feuerwehr-rabenau.de\/wordpress\/wp-json\/wp\/v2\/users\/2"}],"version-history":[{"count":1,"href":"https:\/\/feuerwehr-rabenau.de\/wordpress\/wp-json\/wp\/v2\/einsatz\/934\/revisions"}],"predecessor-version":[{"id":935,"href":"https:\/\/feuerwehr-rabenau.de\/wordpress\/wp-json\/wp\/v2\/einsatz\/934\/revisions\/935"}],"wp:attachment":[{"href":"https:\/\/feuerwehr-rabenau.de\/wordpress\/wp-json\/wp\/v2\/media?parent=934"}],"wp:term":[{"taxonomy":"category","embeddable":true,"href":"https:\/\/feuerwehr-rabenau.de\/wordpress\/wp-json\/wp\/v2\/categories?post=934"},{"taxonomy":"post_tag","embeddable":true,"href":"https:\/\/feuerwehr-rabenau.de\/wordpress\/wp-json\/wp\/v2\/tags?post=934"},{"taxonomy":"einsatzart","embeddable":true,"href":"https:\/\/feuerwehr-rabenau.de\/wordpress\/wp-json\/wp\/v2\/einsatzart?post=934"},{"taxonomy":"fahrzeug","embeddable":true,"href":"https:\/\/feuerwehr-rabenau.de\/wordpress\/wp-json\/wp\/v2\/fahrzeug?post=934"},{"taxonomy":"exteinsatzmittel","embeddable":true,"href":"https:\/\/feuerwehr-rabenau.de\/wordpress\/wp-json\/wp\/v2\/exteinsatzmittel?post=934"},{"taxonomy":"alarmierungsart","embeddable":true,"href":"https:\/\/feuerwehr-rabenau.de\/wordpress\/wp-json\/wp\/v2\/alarmierungsart?post=934"},{"taxonomy":"evw_unit","embeddable":true,"href":"https:\/\/feuerwehr-rabenau.de\/wordpress\/wp-json\/wp\/v2\/evw_unit?post=934"}],"curies":[{"name":"wp","href":"https:\/\/api.w.org\/{rel}","templated":true}]}}

<p><span data-offset-key="abh8d-0-0">Beim Vollbrand einer </span><span data-offset-key="abh8d-1-0">Lagerhalle</span><span data-offset-key="abh8d-2-0"> im Gewerbegebiet von Höckendorf unterstützten wir die Kameraden vor Ort mit unserem Tanklöschfahrzeug. So konnten wir unter anderem die Drehleiter der </span><span class="diy96o5h" spellcheck="false" data-offset-key="abh8d-3-0"><span data-offset-key="abh8d-3-0">Freiwilligen Feuerwehr Freital mit Wasser versorgen. Der Einsatz endete für uns gegen 5:30 Uhr.</span></span></p>
<p><span class="diy96o5h" spellcheck="false" data-offset-key="abh8d-3-0"><span data-offset-key="abh8d-3-0"> <a href="https://feuerwehr-rabenau.de/wordpress/wp-content/uploads/2021/04/IMG-20210415-WA0015.jpg"><img fetchpriority="high" decoding="async" class="aligncenter wp-image-932 size-large" src="https://feuerwehr-rabenau.de/wordpress/wp-content/uploads/2021/04/IMG-20210415-WA0015-1024x768.jpg" alt="" width="1024" height="768" srcset="https://feuerwehr-rabenau.de/wordpress/wp-content/uploads/2021/04/IMG-20210415-WA0015-1024x768.jpg 1024w, https://feuerwehr-rabenau.de/wordpress/wp-content/uploads/2021/04/IMG-20210415-WA0015-300x225.jpg 300w, https://feuerwehr-rabenau.de/wordpress/wp-content/uploads/2021/04/IMG-20210415-WA0015-768x576.jpg 768w, https://feuerwehr-rabenau.de/wordpress/wp-content/uploads/2021/04/IMG-20210415-WA0015-1536x1152.jpg 1536w, https://feuerwehr-rabenau.de/wordpress/wp-content/uploads/2021/04/IMG-20210415-WA0015.jpg 1600w" sizes="(max-width: 1024px) 100vw, 1024px" /></a> <a href="https://feuerwehr-rabenau.de/wordpress/wp-content/uploads/2021/04/IMG-20210415-WA0016.jpg"><img decoding="async" class="aligncenter wp-image-933 size-large" src="https://feuerwehr-rabenau.de/wordpress/wp-content/uploads/2021/04/IMG-20210415-WA0016-1024x576.jpg" alt="" width="1024" height="576" srcset="https://feuerwehr-rabenau.de/wordpress/wp-content/uploads/2021/04/IMG-20210415-WA0016-1024x576.jpg 1024w, https://feuerwehr-rabenau.de/wordpress/wp-content/uploads/2021/04/IMG-20210415-WA0016-300x169.jpg 300w, https://feuerwehr-rabenau.de/wordpress/wp-content/uploads/2021/04/IMG-20210415-WA0016-768x432.jpg 768w, https://feuerwehr-rabenau.de/wordpress/wp-content/uploads/2021/04/IMG-20210415-WA0016.jpg 1280w" sizes="(max-width: 1024px) 100vw, 1024px" /></a></span></span></p>
