{"id":2196,"date":"2025-05-11T03:50:00","date_gmt":"2025-05-11T01:50:00","guid":{"rendered":"https:\/\/feuerwehr-rabenau.de\/wordpress\/?post_type=einsatz&#038;p=2196"},"modified":"2025-05-12T22:26:10","modified_gmt":"2025-05-12T20:26:10","slug":"brand-gross-gebaeude","status":"publish","type":"einsatz","link":"https:\/\/feuerwehr-rabenau.de\/wordpress\/einsatzberichte\/brand-gross-gebaeude\/","title":{"rendered":"Brand gro\u00df &#8211; Geb\u00e4ude"},"content":{"rendered":"<blockquote>\n<p style=\"margin: 0in; font-family: Calibri; font-size: 11.0pt;\">Am Sonntagmorgen wurden wir zum Brand eines leerstehenden Geb\u00e4udes alarmiert.<\/p>\n<\/blockquote>\n<p style=\"margin: 0in; font-family: Calibri; font-size: 11.0pt;\">An der Einsatzstelle best\u00e4tigte sich die Lage und wir stellten 2 Brandherde fest, zudem fanden sich hinter dem Geb\u00e4ude Fahrr\u00e4der, sodass wir von Personen im Geb\u00e4ude ausgehen mussten. Umgehend wurde das Einsatzstichwort erh\u00f6ht und alle Ortswehren der Gemeinde alarmiert, auch eine Wasserversorgung \u00fcber eine lange Wegstrecke wurde vorbereitet, kam aber gl\u00fccklicherweise nicht zum Einsatz.<\/p>\n<p style=\"margin: 0in; font-family: Calibri; font-size: 11.0pt;\">Nachdem das ganze Geb\u00e4ude abgesucht war, konnten wir zum Gl\u00fcck keine Personen feststellen. Die Nachl\u00f6scharbeiten zogen sich bis in die fr\u00fchen Morgenstunden.<\/p>\n<p style=\"margin: 0in; font-family: Calibri; font-size: 11.0pt;\">Insgesamt waren ca. 70 Einsatzkr\u00e4fte im Einsatz, die Kriminalpolizei ermittelt nun wegen schwerer Brandstiftung.<\/p>\n<p>&nbsp;<\/p>\n<p><a href=\"https:\/\/feuerwehr-rabenau.de\/wordpress\/wp-content\/uploads\/2025\/05\/1.png\"><img fetchpriority=\"high\" decoding=\"async\" class=\"aligncenter wp-image-2198 size-large\" src=\"https:\/\/feuerwehr-rabenau.de\/wordpress\/wp-content\/uploads\/2025\/05\/1-1024x768.png\" alt=\"\" width=\"1024\" height=\"768\" srcset=\"https:\/\/feuerwehr-rabenau.de\/wordpress\/wp-content\/uploads\/2025\/05\/1-1024x768.png 1024w, https:\/\/feuerwehr-rabenau.de\/wordpress\/wp-content\/uploads\/2025\/05\/1-300x225.png 300w, https:\/\/feuerwehr-rabenau.de\/wordpress\/wp-content\/uploads\/2025\/05\/1-768x576.png 768w, https:\/\/feuerwehr-rabenau.de\/wordpress\/wp-content\/uploads\/2025\/05\/1-1536x1152.png 1536w, https:\/\/feuerwehr-rabenau.de\/wordpress\/wp-content\/uploads\/2025\/05\/1.png 1600w\" sizes=\"(max-width: 1024px) 100vw, 1024px\" \/><\/a><\/p>\n<p><a href=\"https:\/\/feuerwehr-rabenau.de\/wordpress\/wp-content\/uploads\/2025\/05\/2-scaled.jpg\"><img decoding=\"async\" class=\"aligncenter wp-image-2199 size-large\" src=\"https:\/\/feuerwehr-rabenau.de\/wordpress\/wp-content\/uploads\/2025\/05\/2-768x1024.jpg\" alt=\"\" width=\"768\" height=\"1024\" srcset=\"https:\/\/feuerwehr-rabenau.de\/wordpress\/wp-content\/uploads\/2025\/05\/2-768x1024.jpg 768w, https:\/\/feuerwehr-rabenau.de\/wordpress\/wp-content\/uploads\/2025\/05\/2-225x300.jpg 225w, https:\/\/feuerwehr-rabenau.de\/wordpress\/wp-content\/uploads\/2025\/05\/2-1152x1536.jpg 1152w, https:\/\/feuerwehr-rabenau.de\/wordpress\/wp-content\/uploads\/2025\/05\/2-1536x2048.jpg 1536w, https:\/\/feuerwehr-rabenau.de\/wordpress\/wp-content\/uploads\/2025\/05\/2-scaled.jpg 1920w\" sizes=\"(max-width: 768px) 100vw, 768px\" \/><\/a><\/p>\n<p><a href=\"https:\/\/feuerwehr-rabenau.de\/wordpress\/wp-content\/uploads\/2025\/05\/3-scaled.jpg\"><img decoding=\"async\" class=\"aligncenter wp-image-2200 size-large\" src=\"https:\/\/feuerwehr-rabenau.de\/wordpress\/wp-content\/uploads\/2025\/05\/3-768x1024.jpg\" alt=\"\" width=\"768\" height=\"1024\" srcset=\"https:\/\/feuerwehr-rabenau.de\/wordpress\/wp-content\/uploads\/2025\/05\/3-768x1024.jpg 768w, https:\/\/feuerwehr-rabenau.de\/wordpress\/wp-content\/uploads\/2025\/05\/3-225x300.jpg 225w, https:\/\/feuerwehr-rabenau.de\/wordpress\/wp-content\/uploads\/2025\/05\/3-1152x1536.jpg 1152w, https:\/\/feuerwehr-rabenau.de\/wordpress\/wp-content\/uploads\/2025\/05\/3-1536x2048.jpg 1536w, https:\/\/feuerwehr-rabenau.de\/wordpress\/wp-content\/uploads\/2025\/05\/3-scaled.jpg 1920w\" sizes=\"(max-width: 768px) 100vw, 768px\" \/><\/a><\/p>\n<p><a href=\"https:\/\/feuerwehr-rabenau.de\/wordpress\/wp-content\/uploads\/2025\/05\/5-scaled.jpg\"><img loading=\"lazy\" decoding=\"async\" class=\"aligncenter wp-image-2202 size-large\" src=\"https:\/\/feuerwehr-rabenau.de\/wordpress\/wp-content\/uploads\/2025\/05\/5-1024x768.jpg\" alt=\"\" width=\"1024\" height=\"768\" srcset=\"https:\/\/feuerwehr-rabenau.de\/wordpress\/wp-content\/uploads\/2025\/05\/5-1024x768.jpg 1024w, https:\/\/feuerwehr-rabenau.de\/wordpress\/wp-content\/uploads\/2025\/05\/5-300x225.jpg 300w, https:\/\/feuerwehr-rabenau.de\/wordpress\/wp-content\/uploads\/2025\/05\/5-768x576.jpg 768w, https:\/\/feuerwehr-rabenau.de\/wordpress\/wp-content\/uploads\/2025\/05\/5-1536x1152.jpg 1536w, https:\/\/feuerwehr-rabenau.de\/wordpress\/wp-content\/uploads\/2025\/05\/5-2048x1536.jpg 2048w\" sizes=\"(max-width: 1024px) 100vw, 1024px\" \/><\/a><\/p>\n<p><a href=\"https:\/\/feuerwehr-rabenau.de\/wordpress\/wp-content\/uploads\/2025\/05\/4.jpg\"><img loading=\"lazy\" decoding=\"async\" class=\"aligncenter wp-image-2201 size-large\" src=\"https:\/\/feuerwehr-rabenau.de\/wordpress\/wp-content\/uploads\/2025\/05\/4-1024x768.jpg\" alt=\"\" width=\"1024\" height=\"768\" srcset=\"https:\/\/feuerwehr-rabenau.de\/wordpress\/wp-content\/uploads\/2025\/05\/4-1024x768.jpg 1024w, https:\/\/feuerwehr-rabenau.de\/wordpress\/wp-content\/uploads\/2025\/05\/4-300x225.jpg 300w, https:\/\/feuerwehr-rabenau.de\/wordpress\/wp-content\/uploads\/2025\/05\/4-768x576.jpg 768w, https:\/\/feuerwehr-rabenau.de\/wordpress\/wp-content\/uploads\/2025\/05\/4-1536x1152.jpg 1536w, https:\/\/feuerwehr-rabenau.de\/wordpress\/wp-content\/uploads\/2025\/05\/4.jpg 1600w\" sizes=\"(max-width: 1024px) 100vw, 1024px\" \/><\/a><\/p>\n<p><a href=\"https:\/\/feuerwehr-rabenau.de\/wordpress\/wp-content\/uploads\/2025\/05\/6-scaled.jpg\"><img loading=\"lazy\" decoding=\"async\" class=\"aligncenter wp-image-2197 size-large\" src=\"https:\/\/feuerwehr-rabenau.de\/wordpress\/wp-content\/uploads\/2025\/05\/6-1024x768.jpg\" alt=\"\" width=\"1024\" height=\"768\" srcset=\"https:\/\/feuerwehr-rabenau.de\/wordpress\/wp-content\/uploads\/2025\/05\/6-1024x768.jpg 1024w, https:\/\/feuerwehr-rabenau.de\/wordpress\/wp-content\/uploads\/2025\/05\/6-300x225.jpg 300w, https:\/\/feuerwehr-rabenau.de\/wordpress\/wp-content\/uploads\/2025\/05\/6-768x576.jpg 768w, https:\/\/feuerwehr-rabenau.de\/wordpress\/wp-content\/uploads\/2025\/05\/6-1536x1152.jpg 1536w, https:\/\/feuerwehr-rabenau.de\/wordpress\/wp-content\/uploads\/2025\/05\/6-2048x1536.jpg 2048w\" sizes=\"(max-width: 1024px) 100vw, 1024px\" \/><\/a><\/p>\n","protected":false},"author":2,"featured_media":0,"template":"","meta":{"cybocfi_hide_featured_image":"","einsatz_weight":1,"footnotes":""},"categories":[39],"tags":[],"einsatzart":[],"fahrzeug":[27,30,28],"exteinsatzmittel":[63,57,55,53,54,56,67,66],"alarmierungsart":[],"evw_unit":[],"class_list":["post-2196","einsatz","type-einsatz","status-publish","hentry","category-einsaetze","fahrzeug-lf-16-12","fahrzeug-mzf","fahrzeug-tlf-20-40","exteinsatzmittel-ffw-freital","exteinsatzmittel-ffw-karsdorf","exteinsatzmittel-ffw-luebau","exteinsatzmittel-ffw-obernaundorf","exteinsatzmittel-ffw-oelsa","exteinsatzmittel-ffw-spechtritz","exteinsatzmittel-polizei","exteinsatzmittel-rettungsdienst","description-off"],"_links":{"self":[{"href":"https:\/\/feuerwehr-rabenau.de\/wordpress\/wp-json\/wp\/v2\/einsatz\/2196","targetHints":{"allow":["GET"]}}],"collection":[{"href":"https:\/\/feuerwehr-rabenau.de\/wordpress\/wp-json\/wp\/v2\/einsatz"}],"about":[{"href":"https:\/\/feuerwehr-rabenau.de\/wordpress\/wp-json\/wp\/v2\/types\/einsatz"}],"author":[{"embeddable":true,"href":"https:\/\/feuerwehr-rabenau.de\/wordpress\/wp-json\/wp\/v2\/users\/2"}],"version-history":[{"count":2,"href":"https:\/\/feuerwehr-rabenau.de\/wordpress\/wp-json\/wp\/v2\/einsatz\/2196\/revisions"}],"predecessor-version":[{"id":2210,"href":"https:\/\/feuerwehr-rabenau.de\/wordpress\/wp-json\/wp\/v2\/einsatz\/2196\/revisions\/2210"}],"wp:attachment":[{"href":"https:\/\/feuerwehr-rabenau.de\/wordpress\/wp-json\/wp\/v2\/media?parent=2196"}],"wp:term":[{"taxonomy":"category","embeddable":true,"href":"https:\/\/feuerwehr-rabenau.de\/wordpress\/wp-json\/wp\/v2\/categories?post=2196"},{"taxonomy":"post_tag","embeddable":true,"href":"https:\/\/feuerwehr-rabenau.de\/wordpress\/wp-json\/wp\/v2\/tags?post=2196"},{"taxonomy":"einsatzart","embeddable":true,"href":"https:\/\/feuerwehr-rabenau.de\/wordpress\/wp-json\/wp\/v2\/einsatzart?post=2196"},{"taxonomy":"fahrzeug","embeddable":true,"href":"https:\/\/feuerwehr-rabenau.de\/wordpress\/wp-json\/wp\/v2\/fahrzeug?post=2196"},{"taxonomy":"exteinsatzmittel","embeddable":true,"href":"https:\/\/feuerwehr-rabenau.de\/wordpress\/wp-json\/wp\/v2\/exteinsatzmittel?post=2196"},{"taxonomy":"alarmierungsart","embeddable":true,"href":"https:\/\/feuerwehr-rabenau.de\/wordpress\/wp-json\/wp\/v2\/alarmierungsart?post=2196"},{"taxonomy":"evw_unit","embeddable":true,"href":"https:\/\/feuerwehr-rabenau.de\/wordpress\/wp-json\/wp\/v2\/evw_unit?post=2196"}],"curies":[{"name":"wp","href":"https:\/\/api.w.org\/{rel}","templated":true}]}}

Brand groß &#8211; Gebäude

<blockquote>
<p style="margin: 0in; font-family: Calibri; font-size: 11.0pt;">Am Sonntagmorgen wurden wir zum Brand eines leerstehenden Gebäudes alarmiert.</p>
</blockquote>
<p style="margin: 0in; font-family: Calibri; font-size: 11.0pt;">An der Einsatzstelle bestätigte sich die Lage und wir stellten 2 Brandherde fest, zudem fanden sich hinter dem Gebäude Fahrräder, sodass wir von Personen im Gebäude ausgehen mussten. Umgehend wurde das Einsatzstichwort erhöht und alle Ortswehren der Gemeinde alarmiert, auch eine Wasserversorgung über eine lange Wegstrecke wurde vorbereitet, kam aber glücklicherweise nicht zum Einsatz.</p>
<p style="margin: 0in; font-family: Calibri; font-size: 11.0pt;">Nachdem das ganze Gebäude abgesucht war, konnten wir zum Glück keine Personen feststellen. Die Nachlöscharbeiten zogen sich bis in die frühen Morgenstunden.</p>
<p style="margin: 0in; font-family: Calibri; font-size: 11.0pt;">Insgesamt waren ca. 70 Einsatzkräfte im Einsatz, die Kriminalpolizei ermittelt nun wegen schwerer Brandstiftung.</p>
<p>&nbsp;</p>
<p><a href="https://feuerwehr-rabenau.de/wordpress/wp-content/uploads/2025/05/1.png"><img fetchpriority="high" decoding="async" class="aligncenter wp-image-2198 size-large" src="https://feuerwehr-rabenau.de/wordpress/wp-content/uploads/2025/05/1-1024x768.png" alt="" width="1024" height="768" srcset="https://feuerwehr-rabenau.de/wordpress/wp-content/uploads/2025/05/1-1024x768.png 1024w, https://feuerwehr-rabenau.de/wordpress/wp-content/uploads/2025/05/1-300x225.png 300w, https://feuerwehr-rabenau.de/wordpress/wp-content/uploads/2025/05/1-768x576.png 768w, https://feuerwehr-rabenau.de/wordpress/wp-content/uploads/2025/05/1-1536x1152.png 1536w, https://feuerwehr-rabenau.de/wordpress/wp-content/uploads/2025/05/1.png 1600w" sizes="(max-width: 1024px) 100vw, 1024px" /></a></p>
<p><a href="https://feuerwehr-rabenau.de/wordpress/wp-content/uploads/2025/05/2-scaled.jpg"><img decoding="async" class="aligncenter wp-image-2199 size-large" src="https://feuerwehr-rabenau.de/wordpress/wp-content/uploads/2025/05/2-768x1024.jpg" alt="" width="768" height="1024" srcset="https://feuerwehr-rabenau.de/wordpress/wp-content/uploads/2025/05/2-768x1024.jpg 768w, https://feuerwehr-rabenau.de/wordpress/wp-content/uploads/2025/05/2-225x300.jpg 225w, https://feuerwehr-rabenau.de/wordpress/wp-content/uploads/2025/05/2-1152x1536.jpg 1152w, https://feuerwehr-rabenau.de/wordpress/wp-content/uploads/2025/05/2-1536x2048.jpg 1536w, https://feuerwehr-rabenau.de/wordpress/wp-content/uploads/2025/05/2-scaled.jpg 1920w" sizes="(max-width: 768px) 100vw, 768px" /></a></p>
<p><a href="https://feuerwehr-rabenau.de/wordpress/wp-content/uploads/2025/05/3-scaled.jpg"><img decoding="async" class="aligncenter wp-image-2200 size-large" src="https://feuerwehr-rabenau.de/wordpress/wp-content/uploads/2025/05/3-768x1024.jpg" alt="" width="768" height="1024" srcset="https://feuerwehr-rabenau.de/wordpress/wp-content/uploads/2025/05/3-768x1024.jpg 768w, https://feuerwehr-rabenau.de/wordpress/wp-content/uploads/2025/05/3-225x300.jpg 225w, https://feuerwehr-rabenau.de/wordpress/wp-content/uploads/2025/05/3-1152x1536.jpg 1152w, https://feuerwehr-rabenau.de/wordpress/wp-content/uploads/2025/05/3-1536x2048.jpg 1536w, https://feuerwehr-rabenau.de/wordpress/wp-content/uploads/2025/05/3-scaled.jpg 1920w" sizes="(max-width: 768px) 100vw, 768px" /></a></p>
<p><a href="https://feuerwehr-rabenau.de/wordpress/wp-content/uploads/2025/05/5-scaled.jpg"><img loading="lazy" decoding="async" class="aligncenter wp-image-2202 size-large" src="https://feuerwehr-rabenau.de/wordpress/wp-content/uploads/2025/05/5-1024x768.jpg" alt="" width="1024" height="768" srcset="https://feuerwehr-rabenau.de/wordpress/wp-content/uploads/2025/05/5-1024x768.jpg 1024w, https://feuerwehr-rabenau.de/wordpress/wp-content/uploads/2025/05/5-300x225.jpg 300w, https://feuerwehr-rabenau.de/wordpress/wp-content/uploads/2025/05/5-768x576.jpg 768w, https://feuerwehr-rabenau.de/wordpress/wp-content/uploads/2025/05/5-1536x1152.jpg 1536w, https://feuerwehr-rabenau.de/wordpress/wp-content/uploads/2025/05/5-2048x1536.jpg 2048w" sizes="(max-width: 1024px) 100vw, 1024px" /></a></p>
<p><a href="https://feuerwehr-rabenau.de/wordpress/wp-content/uploads/2025/05/4.jpg"><img loading="lazy" decoding="async" class="aligncenter wp-image-2201 size-large" src="https://feuerwehr-rabenau.de/wordpress/wp-content/uploads/2025/05/4-1024x768.jpg" alt="" width="1024" height="768" srcset="https://feuerwehr-rabenau.de/wordpress/wp-content/uploads/2025/05/4-1024x768.jpg 1024w, https://feuerwehr-rabenau.de/wordpress/wp-content/uploads/2025/05/4-300x225.jpg 300w, https://feuerwehr-rabenau.de/wordpress/wp-content/uploads/2025/05/4-768x576.jpg 768w, https://feuerwehr-rabenau.de/wordpress/wp-content/uploads/2025/05/4-1536x1152.jpg 1536w, https://feuerwehr-rabenau.de/wordpress/wp-content/uploads/2025/05/4.jpg 1600w" sizes="(max-width: 1024px) 100vw, 1024px" /></a></p>
<p><a href="https://feuerwehr-rabenau.de/wordpress/wp-content/uploads/2025/05/6-scaled.jpg"><img loading="lazy" decoding="async" class="aligncenter wp-image-2197 size-large" src="https://feuerwehr-rabenau.de/wordpress/wp-content/uploads/2025/05/6-1024x768.jpg" alt="" width="1024" height="768" srcset="https://feuerwehr-rabenau.de/wordpress/wp-content/uploads/2025/05/6-1024x768.jpg 1024w, https://feuerwehr-rabenau.de/wordpress/wp-content/uploads/2025/05/6-300x225.jpg 300w, https://feuerwehr-rabenau.de/wordpress/wp-content/uploads/2025/05/6-768x576.jpg 768w, https://feuerwehr-rabenau.de/wordpress/wp-content/uploads/2025/05/6-1536x1152.jpg 1536w, https://feuerwehr-rabenau.de/wordpress/wp-content/uploads/2025/05/6-2048x1536.jpg 2048w" sizes="(max-width: 1024px) 100vw, 1024px" /></a></p>
