{"id":1983,"date":"2024-06-27T19:14:00","date_gmt":"2024-06-27T17:14:00","guid":{"rendered":"https:\/\/feuerwehr-rabenau.de\/wordpress\/?post_type=einsatz&#038;p=1983"},"modified":"2024-06-28T13:26:43","modified_gmt":"2024-06-28T11:26:43","slug":"hilfeleistung-klein-umgestuerzte-baeume","status":"publish","type":"einsatz","link":"https:\/\/feuerwehr-rabenau.de\/wordpress\/einsatzberichte\/hilfeleistung-klein-umgestuerzte-baeume\/","title":{"rendered":"Hilfeleistung klein &#8211; Umgest\u00fcrzte B\u00e4ume"},"content":{"rendered":"<p>\ud83d\udcdf #33 +++ Einsatz +++<br \/>\n\ud83d\uddd3 27.06.2024 \/ 19:14 Uhr<br \/>\n\ud83c\udf0d Rabenau &#8211; Bahnhofsstra\u00dfe<\/p>\n<p>\ud83d\udcdf #34 +++ Einsatz +++<br \/>\n\ud83d\uddd3 27.06.2024 \/ 19:42 Uhr<br \/>\n\ud83c\udf0d Rabenau &#8211; Freitaler Stra\u00dfe<\/p>\n<p>Am gestrigen Abend wurden wir nach schweren Regenf\u00e4llen zu einem Einsatz auf der Bahnhofsstra\u00dfe gerufen. Vor Ort versperrte ein umgest\u00fcrzter Baum die Stra\u00dfe. Wir sicherten die Einsatzstelle ab und beseitigten das Hindernis.<\/p>\n<p>Kurz nachdem wir diesen Einsatz abgearbeitet hatten, wurden wir sogleich zum n\u00e4chsten Einsatz, auf die Freitaler Stra\u00dfe, alarmiert. An der Einsatzstelle angekommen erwartete uns ein \u00e4hnliches Bild. Umgest\u00fcrzte B\u00e4ume hingen in den Oberleitungen. Wir sperrten den kompletten Stra\u00dfenabschnitt und riefen die Kameraden der Feuerwehr Freital mit ihrer DLA(K) zu Hilfe. Gemeinsam gelang es uns auch diesen Einsatz abzuarbeiten. Vielen Dank f\u00fcr die Unterst\u00fctzung!<\/p>\n<p>Zeitgleich dazu halfen einige unserer Kameraden den unmittelbaren Anwohnern eine Einfahrt von Ger\u00f6ll und Schlamm zu befreien, welche durch die starken Regenf\u00e4lle die Einfahrt versperrt hatten.<\/p>\n<p><a href=\"https:\/\/feuerwehr-rabenau.de\/wordpress\/wp-content\/uploads\/2024\/06\/IMG_9406.png\"><img fetchpriority=\"high\" decoding=\"async\" class=\"aligncenter wp-image-1985 size-large\" src=\"https:\/\/feuerwehr-rabenau.de\/wordpress\/wp-content\/uploads\/2024\/06\/IMG_9409-770x1024.png\" alt=\"\" width=\"770\" height=\"1024\" srcset=\"https:\/\/feuerwehr-rabenau.de\/wordpress\/wp-content\/uploads\/2024\/06\/IMG_9409-770x1024.png 770w, https:\/\/feuerwehr-rabenau.de\/wordpress\/wp-content\/uploads\/2024\/06\/IMG_9409-226x300.png 226w, https:\/\/feuerwehr-rabenau.de\/wordpress\/wp-content\/uploads\/2024\/06\/IMG_9409-768x1021.png 768w, https:\/\/feuerwehr-rabenau.de\/wordpress\/wp-content\/uploads\/2024\/06\/IMG_9409-1155x1536.png 1155w, https:\/\/feuerwehr-rabenau.de\/wordpress\/wp-content\/uploads\/2024\/06\/IMG_9409.png 1504w\" sizes=\"(max-width: 770px) 100vw, 770px\" \/><img decoding=\"async\" class=\"aligncenter wp-image-1984 size-large\" src=\"https:\/\/feuerwehr-rabenau.de\/wordpress\/wp-content\/uploads\/2024\/06\/IMG_9406-770x1024.png\" alt=\"\" width=\"770\" height=\"1024\" srcset=\"https:\/\/feuerwehr-rabenau.de\/wordpress\/wp-content\/uploads\/2024\/06\/IMG_9406-770x1024.png 770w, https:\/\/feuerwehr-rabenau.de\/wordpress\/wp-content\/uploads\/2024\/06\/IMG_9406-226x300.png 226w, https:\/\/feuerwehr-rabenau.de\/wordpress\/wp-content\/uploads\/2024\/06\/IMG_9406-768x1021.png 768w, https:\/\/feuerwehr-rabenau.de\/wordpress\/wp-content\/uploads\/2024\/06\/IMG_9406-1155x1536.png 1155w, https:\/\/feuerwehr-rabenau.de\/wordpress\/wp-content\/uploads\/2024\/06\/IMG_9406.png 1540w\" sizes=\"(max-width: 770px) 100vw, 770px\" \/><\/a><\/p>\n","protected":false},"author":2,"featured_media":0,"template":"","meta":{"cybocfi_hide_featured_image":"","einsatz_weight":1,"footnotes":""},"categories":[39],"tags":[],"einsatzart":[],"fahrzeug":[27,30],"exteinsatzmittel":[63],"alarmierungsart":[],"evw_unit":[],"class_list":["post-1983","einsatz","type-einsatz","status-publish","hentry","category-einsaetze","fahrzeug-lf-16-12","fahrzeug-mzf","exteinsatzmittel-ffw-freital","description-off"],"_links":{"self":[{"href":"https:\/\/feuerwehr-rabenau.de\/wordpress\/wp-json\/wp\/v2\/einsatz\/1983","targetHints":{"allow":["GET"]}}],"collection":[{"href":"https:\/\/feuerwehr-rabenau.de\/wordpress\/wp-json\/wp\/v2\/einsatz"}],"about":[{"href":"https:\/\/feuerwehr-rabenau.de\/wordpress\/wp-json\/wp\/v2\/types\/einsatz"}],"author":[{"embeddable":true,"href":"https:\/\/feuerwehr-rabenau.de\/wordpress\/wp-json\/wp\/v2\/users\/2"}],"version-history":[{"count":1,"href":"https:\/\/feuerwehr-rabenau.de\/wordpress\/wp-json\/wp\/v2\/einsatz\/1983\/revisions"}],"predecessor-version":[{"id":1986,"href":"https:\/\/feuerwehr-rabenau.de\/wordpress\/wp-json\/wp\/v2\/einsatz\/1983\/revisions\/1986"}],"wp:attachment":[{"href":"https:\/\/feuerwehr-rabenau.de\/wordpress\/wp-json\/wp\/v2\/media?parent=1983"}],"wp:term":[{"taxonomy":"category","embeddable":true,"href":"https:\/\/feuerwehr-rabenau.de\/wordpress\/wp-json\/wp\/v2\/categories?post=1983"},{"taxonomy":"post_tag","embeddable":true,"href":"https:\/\/feuerwehr-rabenau.de\/wordpress\/wp-json\/wp\/v2\/tags?post=1983"},{"taxonomy":"einsatzart","embeddable":true,"href":"https:\/\/feuerwehr-rabenau.de\/wordpress\/wp-json\/wp\/v2\/einsatzart?post=1983"},{"taxonomy":"fahrzeug","embeddable":true,"href":"https:\/\/feuerwehr-rabenau.de\/wordpress\/wp-json\/wp\/v2\/fahrzeug?post=1983"},{"taxonomy":"exteinsatzmittel","embeddable":true,"href":"https:\/\/feuerwehr-rabenau.de\/wordpress\/wp-json\/wp\/v2\/exteinsatzmittel?post=1983"},{"taxonomy":"alarmierungsart","embeddable":true,"href":"https:\/\/feuerwehr-rabenau.de\/wordpress\/wp-json\/wp\/v2\/alarmierungsart?post=1983"},{"taxonomy":"evw_unit","embeddable":true,"href":"https:\/\/feuerwehr-rabenau.de\/wordpress\/wp-json\/wp\/v2\/evw_unit?post=1983"}],"curies":[{"name":"wp","href":"https:\/\/api.w.org\/{rel}","templated":true}]}}

Hilfeleistung klein &#8211; Umgestürzte Bäume

<p>📟 #33 +++ Einsatz +++<br />
🗓 27.06.2024 / 19:14 Uhr<br />
🌍 Rabenau &#8211; Bahnhofsstraße</p>
<p>📟 #34 +++ Einsatz +++<br />
🗓 27.06.2024 / 19:42 Uhr<br />
🌍 Rabenau &#8211; Freitaler Straße</p>
<p>Am gestrigen Abend wurden wir nach schweren Regenfällen zu einem Einsatz auf der Bahnhofsstraße gerufen. Vor Ort versperrte ein umgestürzter Baum die Straße. Wir sicherten die Einsatzstelle ab und beseitigten das Hindernis.</p>
<p>Kurz nachdem wir diesen Einsatz abgearbeitet hatten, wurden wir sogleich zum nächsten Einsatz, auf die Freitaler Straße, alarmiert. An der Einsatzstelle angekommen erwartete uns ein ähnliches Bild. Umgestürzte Bäume hingen in den Oberleitungen. Wir sperrten den kompletten Straßenabschnitt und riefen die Kameraden der Feuerwehr Freital mit ihrer DLA(K) zu Hilfe. Gemeinsam gelang es uns auch diesen Einsatz abzuarbeiten. Vielen Dank für die Unterstützung!</p>
<p>Zeitgleich dazu halfen einige unserer Kameraden den unmittelbaren Anwohnern eine Einfahrt von Geröll und Schlamm zu befreien, welche durch die starken Regenfälle die Einfahrt versperrt hatten.</p>
<p><a href="https://feuerwehr-rabenau.de/wordpress/wp-content/uploads/2024/06/IMG_9406.png"><img fetchpriority="high" decoding="async" class="aligncenter wp-image-1985 size-large" src="https://feuerwehr-rabenau.de/wordpress/wp-content/uploads/2024/06/IMG_9409-770x1024.png" alt="" width="770" height="1024" srcset="https://feuerwehr-rabenau.de/wordpress/wp-content/uploads/2024/06/IMG_9409-770x1024.png 770w, https://feuerwehr-rabenau.de/wordpress/wp-content/uploads/2024/06/IMG_9409-226x300.png 226w, https://feuerwehr-rabenau.de/wordpress/wp-content/uploads/2024/06/IMG_9409-768x1021.png 768w, https://feuerwehr-rabenau.de/wordpress/wp-content/uploads/2024/06/IMG_9409-1155x1536.png 1155w, https://feuerwehr-rabenau.de/wordpress/wp-content/uploads/2024/06/IMG_9409.png 1504w" sizes="(max-width: 770px) 100vw, 770px" /><img decoding="async" class="aligncenter wp-image-1984 size-large" src="https://feuerwehr-rabenau.de/wordpress/wp-content/uploads/2024/06/IMG_9406-770x1024.png" alt="" width="770" height="1024" srcset="https://feuerwehr-rabenau.de/wordpress/wp-content/uploads/2024/06/IMG_9406-770x1024.png 770w, https://feuerwehr-rabenau.de/wordpress/wp-content/uploads/2024/06/IMG_9406-226x300.png 226w, https://feuerwehr-rabenau.de/wordpress/wp-content/uploads/2024/06/IMG_9406-768x1021.png 768w, https://feuerwehr-rabenau.de/wordpress/wp-content/uploads/2024/06/IMG_9406-1155x1536.png 1155w, https://feuerwehr-rabenau.de/wordpress/wp-content/uploads/2024/06/IMG_9406.png 1540w" sizes="(max-width: 770px) 100vw, 770px" /></a></p>
